 the remainder when y(-3) is divided by 19.
18
Suppose -2*f + 0*f + 62 = 0. Let g(y) = 3*y - 4. Calculate the remainder when f is divided by g(5).
9
Let j = -4 - -21. What is the remainder when j is divided by 9?
8
Suppose 0 = -l + 2 + 21. Calculate the remainder when 89 is divided by l.
20
What is the remainder when 22 is divided by (20 - 19)*(0 + (-24)/(-2))?
10
Let z be -12*(-3 + (-21)/(-9)). Calculate the remainder when (42/9)/(z/12) is divided by 3.
1
Let g = -6 + 12. Let n be ((-4)/6)/(g/27). What is the remainder when 20 is divided by 160/24 - 1/n?
6
Let x(s) = -s. Let t(g) = -g. Let o(j) = -6*t(j) + 10*x(j). Calculate the remainder when o(-7) is divided by 10.
8
Let r(v) be the third derivative of -v**6/120 - v**5/20 + 7*v**4/24 + v**3/3 + 2*v**2. Calculate the remainder when r(-5) is divided by 9.
8
Suppose 7*q = 3*q + 116. Calculate the remainder when 57 is divided by q.
28
Let y(q) = q**2 + 2*q + 7. Let a be y(-5). Suppose -33 = -3*r - 3*c, -a = -2*r + 2*c + 2*c. What is the remainder when 42 is divided by r?
9
Let u(k) = 27*k**3 - 2*k**2 + 3*k - 1. Calculate the remainder when 48 is divided by u(1).
21
Let i be -3*-14*(-3)/18. Let n be 313/7 + (-2)/i. Suppose -h - 4*h + n = 0. What is the remainder when 25 is divided by h?
7
Suppose 12*k = 8*k + 36. Let l(j) = 4*j - 1. What is the remainder when l(8) is divided by k?
4
Suppose 0 = -4*z - b - 15 - 0, -4*z = -3*b + 35. Let i(o) = -5*o - 4. What is the remainder when i(z) is divided by 12?
9
Suppose 67 = 3*n - 74. Let z(y) = 5 + y**2 + y - 3 - 4 + 2*y. Calculate the remainder when n is divided by z(-6).
15
Suppose 1 + 8 = 3*u, -3*z + 18 = 3*u. Let r be (60/9)/((-1)/(-3)). Suppose z*o = 5*o - r. What is the remainder when o is divided by 6?
4
Suppose 0*n = 5*i + 4*n - 43, -2*n + 27 = 3*i. Suppose h - 5 = 3*w - 20, 2*w = h + 10. Suppose 0 = 4*g + w - 85. Calculate the remainder when g is divided by i.
9
Let o = -24 - -41. What is the remainder when o is divided by 9?
8
Let m = -2 + 69. What is the remainder when m is divided by (6 - (-6)/(-2)) + 20?
21
Suppose 5*v - 4*k - 54 = 0, 3*k = -k + 16. What is the remainder when v is divided by -2*(4/8 + -1 - 2)?
4
Let v = -63 + 43. Let a = -10 - v. What is the remainder when a is divided by (4/10)/((-2)/(-20))?
2
Let n = 26 + -32. Let g be -3*(22/3 - 1). Let l = n - g. Calculate the remainder when 24 is divided by l.
11
Let m(s) = s - 6. Let v be m(8). Suppose -2*i = v*i - 36. Calculate the remainder when i/(-6) - 46/(-4) is divided by 6.
4
Let l(i) = 2*i**2 - 1. Let s be (-8)/3*6/(-4). Suppose 0 = t + 4*f - 21, f + 4*f - 29 = -s*t. Calculate the remainder when 1 is divided by l(t).
0
Let z(o) = -o**2 + 4*o - 1. Let c be z(3). Suppose -r + c = -2. What is the remainder when r is divided by (-1 - 0)*(1 + -3)?
0
Let s = 94 + -60. Calculate the remainder when 93 is divided by s.
25
Suppose -2*l = -2*f - 24, -3*l + 13 + 44 = 4*f. Suppose 0 = -m - 4*m - l. Calculate the remainder when ((-3)/(-2))/(m/(-48)) is divided by 13.
11
Let h(z) = z**2 + 21*z + 33. What is the remainder when h(-20) is divided by 5?
3
Let w(p) = -p**3 + 8*p**2 + p + 13. Let g(d) = -d**3 + 8*d**2 + 13. Let l(o) = 6*g(o) - 7*w(o). Calculate the remainder when 9 is divided by l(9).
4
Suppose 4*t - 9 = -1. Suppose b = -t*b. What is the remainder when 28/((-2 + b)*-1) is divided by 5?
4
Let f = 7 - 5. Suppose -2*u = -4 - f. What is the remainder when 11 is divided by u?
2
Let p = 15 - 9. What is the remainder when 16 is divided by p?
4
What is the remainder when 77 is divided by (-36)/(-12) + 26/2?
13
Let u(h) = 2*h**2 - 2*h + 7. Suppose -w = -6 - 10. Calculate the remainder when u(5) is divided by w.
15
Let p(k) = -k**3 - 4*k**2 + 5*k + 3. Let h = -1 + -4. What is the remainder when (9 + -4 - 2) + 1 is divided by p(h)?
1
Suppose 9*h = 4*h + 355. Calculate the remainder when h is divided by 9.
8
Let i = 3 - 2. Suppose i = -d + 9. Let t(g) = 2*g**2 - 9*g + 4. Calculate the remainder when t(6) is divided by d.
6
Let j(d) = -3 + 6*d + d**2 - 2*d**2 + 2. Let a be j(5). Suppose -5*c + 150 = 4*l, -c + 5*l - 77 = -a*c. What is the remainder when c is divided by 12?
10
Suppose 9 = 3*j - 3. Suppose 0 = -j*c + 3*c + 10. What is the remainder when 29 is divided by c?
9
Suppose -4*a + 12 = -v - 0*a, a - 20 = -4*v. What is the remainder when 9 is divided by v?
1
Let j(y) = 8*y - 7 - y**3 - 7*y**2 + 0*y - y**2. Let v be j(-9). What is the remainder when 17 is divided by -1 - v*(2 - 7)?
8
Let t(k) be the third derivative of k**5/60 + 5*k**4/24 - k**3/2 + 2*k**2. Calculate the remainder when t(-6) is divided by 2.
1
Let a(u) = -u**2 - 9*u + 2*u + 0 + 6. Let t be (-4)/2*70/20. Calculate the remainder when 17 is divided by a(t).
5
Let q = 8 + 1. Let s = q - -1. Suppose -7*h + 145 = -2*h. What is the remainder when h is divided by s?
9
Suppose -5*u - 9 + 24 = 0. Suppose -u = 3*f - 2*y - 46, 5*f - 63 = -y. What is the remainder when 50 is divided by f?
11
Let j(k) = k**2 + 10*k + 2. Suppose -1 = 2*n + 2*g + 1, -3*g - 9 = n. What is the remainder when n is divided by j(-10)?
1
Let c(y) = y**2 - 13*y - 36. Calculate the remainder when c(16) is divided by 5.
2
Let a = 4 - 3. Let h(z) = 2*z - 3 - 4 - a. Calculate the remainder when 9 is divided by h(6).
1
Let a(p) = p**3 - 6*p**2 - 11*p + 7. Let z be a(8). Let c = z - 19. What is the remainder when c is divided by (3/6)/(5/150)?
13
Let b = -31 - -43. Let o be (-546)/(-9) - (-1)/3. Let d = o + -14. Calculate the remainder when d is divided by b.
11
Let l = 1 + 3. Suppose 8*v - 32 = l*v. What is the remainder when 21 is divided by v?
5
Let s(c) = c**2 - c - 1. Let a = 296 - 261. Calculate the remainder when a is divided by s(5).
16
Suppose -5*l = 2*u - 5, -u - 4 = 5*l + 1. Suppose 3*w - 2*w + 31 = 0. Let v = 49 + w. What is the remainder when v is divided by u?
8
Let w(k) = 2*k - 4. Let u be 14/4*(-4)/2. Let o = u + 16. Calculate the remainder when w(o) is divided by 5.
4
Let p be (-2)/(-3) - 2/(-6). Let h = p - -3. Suppose -h*x + 45 = x. What is the remainder when x is divided by 5?
4
Suppose -v + 6*v = 125. Let o = -257 + 306. Calculate the remainder when o is divided by v.
24
Let z be 16/5*(-6 - 4). Let x = -10 - z. Let y = -11 + x. Calculate the remainder when 32 is divided by y.
10
What is the remainder when 55 is divided by 244/12 + (-4)/3?
17
Suppose -3*c + 47 = -106. Calculate the remainder when c is divided by 13.
12
Let h(x) = 16*x**2 + 3*x + 4. What is the remainder when h(-2) is divided by 13?
10
Let o(l) = -l**2 - 9*l - 2. Calculate the remainder when o(-4) is divided by 10.
8
Let k(v) = -8*v**3 + 2*v**2 + 5*v + 4. Calculate the remainder when k(-2) is divided by 24.
18
Suppose -3*w + 222 = 3*c, 2*c - 3*w = 144 + 4. Calculate the remainder when c is divided by 15.
14
Suppose 0 = 2*a + 5*t - 76, -2*a - 2 = 3*t - 82. Calculate the remainder when a is divided by 9.
7
Let x = 55 + -37. Suppose -u = -3*s + 6, -u - 2*s + x = 3*u. Suppose -2*p - j + 20 = 6, 5*p + u*j - 36 = 0. Calculate the remainder when 10 is divided by p.
4
What is the remainder when 166 is divided by -1*2 + (-13 - -29)?
12
Suppose -c + 41 + 22 = h, 3*h = -4*c + 256. Calculate the remainder when c is divided by 17.
16
Let x = -35 + 57. Suppose -4*g + 4 = -0*g. Let w = g + x. What is the remainder when w is divided by 12?
11
Let m = 9 - 3. Let b = 2 - 0. Calculate the remainder when m is divided by b.
0
What is the remainder when 57 is divided by (4 + (0 - 3))*15?
12
What is the remainder when 95 is divided by (60/10)/(2/11)?
29
Let v(u) = -18*u + 16*u - 1 + 4 - 2. Suppose -21 = 2*k - 5*w, -w + 7 = 6*k - 5*k. What is the remainder when v(-3) is divided by k?
1
Let t(a) = a**3 + 6*a**2 - 7*a - 7. Let n(z) = z**2 + 11*z + 12. Let c be n(-9). What is the remainder when t(c) is divided by 12?
11
Let o = -144 - -286. What is the remainder when o is divided by 12?
10
What is the remainder when 12 is divided by 3/(-9)*0 + 5?
2
Suppose 5*b = 10, 21 - 1 = y + 3*b. What is the remainder when 54 is divided by y?
12
Let u(x) = 2*x + 7. Suppose 4*q - 22 - 74 = 0. Calculate the remainder when q is divided by u(3).
11
Let f(i) = -2*i**3 - 8*i**2 - 9*i - 1. Calculate the remainder when 209 is divided by f(-4).
34
Let k = -120 - -141. Let v = -152 + 235. What is the remainder when v is divided